{"id":300,"date":"2018-03-26T18:28:00","date_gmt":"2018-03-26T16:28:00","guid":{"rendered":"http:\/\/serenita.pl\/?page_id=300"},"modified":"2018-03-26T18:57:13","modified_gmt":"2018-03-26T16:57:13","slug":"modlitwy-sw-joanny","status":"publish","type":"page","link":"http:\/\/serenita.pl\/?page_id=300","title":{"rendered":"Modlitwy \u015bw. Joanny"},"content":{"rendered":"<h3>Modlitwa \u015bw. Joanny do Jezusa<\/h3>\n<p>O Jezu, obiecuj\u0119 Ci przyj\u0105\u0107 wszystko, co na mnie dopu\u015bcisz, spraw tylko, abym pozna\u0142a Twoj\u0105 wol\u0119. M\u00f3j najs\u0142odszy Jezu, Bo\u017ce niesko\u0144czenie mi\u0142osierny, Ojcze najczulszy dla dusz, w szczeg\u00f3lno\u015bci tych najs\u0142abszych, tych najbiedniejszych i tych najbardziej poranionych, kt\u00f3re ze specjaln\u0105 czu\u0142o\u015bci\u0105 bierzesz w swoje boskie ramiona, przychodz\u0119 do Ciebie, aby Ci\u0119 prosi\u0107, ze wzgl\u0119du na mi\u0142o\u015b\u0107 i zas\u0142ugi Twego Naj\u015bwi\u0119tszego Serca, o \u0142ask\u0119 zrozumienia i spe\u0142niania zawsze Twej \u015bwi\u0119tej woli, o \u0142ask\u0119 zawierzenia Tobie i o \u0142ask\u0119 pewnego odpoczynku dzisiaj i w wieczno\u015bci w Twoich kochaj\u0105cych, boskich ramionach.<\/p>\n<hr \/>\n<h3>Modlitwa \u015bw. Joanny do \u00a0Matki Bo\u017cej<\/h3>\n<p>O Maryjo, ukrywam si\u0119 i zawierzam swoje sprawy Twoim matczynym d\u0142oniom, wewn\u0119trznie pewna, \u017ce otrzymam to, o co Ci\u0119 b\u0142agam. Ufam Ci, poniewa\u017c jeste\u015b s\u0142odk\u0105 Matk\u0105. Tobie zawierzam, poniewa\u017c jeste\u015b Matk\u0105 Jezusa. Tobie si\u0119 polacam. W zaufaniu tym odpoczywam, uspokojona, \u017ce zosta\u0142am we wszystkim wys\u0142uchana. Z tak\u0105 ufno\u015bci\u0105 w sercu pozdrawiam Ci\u0119, Matko moja, ufno\u015bci moja. Tobie po\u015bwi\u0119cam si\u0119 wewn\u0119trznie, prosz\u0105c Ci\u0119, aby\u015b pami\u0119ta\u0142a, \u017ce jestem rzecz\u0105 i w\u0142asno\u015bci\u0105 Twoj\u0105. Strze\u017c mnie i b\u0105d\u017a mi obron\u0105, o s\u0142odka Maryjo, i we wszystkich chwilach mego \u017cycia Ty sama przedstawiaj mnie Twojemu Synowi Jezusowi.<\/p>\n","protected":false},"excerpt":{"rendered":"<p>Modlitwa \u015bw. Joanny do Jezusa O Jezu, obiecuj\u0119 Ci przyj\u0105\u0107 wszystko, co na mnie dopu\u015bcisz, spraw tylko, abym pozna\u0142a Twoj\u0105 wol\u0119. M\u00f3j najs\u0142odszy Jezu, Bo\u017ce niesko\u0144czenie mi\u0142osierny, Ojcze najczulszy dla dusz, w szczeg\u00f3lno\u015bci tych najs\u0142abszych, tych najbiedniejszych i tych najbardziej poranionych, kt\u00f3re ze specjaln\u0105 czu\u0142o\u015bci\u0105 bierzesz w swoje boskie ramiona, przychodz\u0119 do Ciebie, aby Ci\u0119 prosi\u0107, ze wzgl\u0119du na mi\u0142o\u015b\u0107 i zas\u0142ugi Twego Naj\u015bwi\u0119tszego Serca, o \u0142ask\u0119 zrozumienia i spe\u0142niania zawsze Twej \u015bwi\u0119tej woli, o \u0142ask\u0119 zawierzenia Tobie i o&#8230;<\/p>\n<p class=\"read-more\"><a class=\"btn btn-default\" href=\"http:\/\/serenita.pl\/?page_id=300\"> Read More<span class=\"screen-reader-text\">  Read More<\/span><\/a><\/p>\n","protected":false},"author":2,"featured_media":0,"parent":0,"menu_order":0,"comment_status":"closed","ping_status":"closed","template":"","meta":[],"_links":{"self":[{"href":"http:\/\/serenita.pl\/index.php?rest_route=\/wp\/v2\/pages\/300"}],"collection":[{"href":"http:\/\/serenita.pl\/index.php?rest_route=\/wp\/v2\/pages"}],"about":[{"href":"http:\/\/serenita.pl\/index.php?rest_route=\/wp\/v2\/types\/page"}],"author":[{"embeddable":true,"href":"http:\/\/serenita.pl\/index.php?rest_route=\/wp\/v2\/users\/2"}],"replies":[{"embeddable":true,"href":"http:\/\/serenita.pl\/index.php?rest_route=%2Fwp%2Fv2%2Fcomments&post=300"}],"version-history":[{"count":2,"href":"http:\/\/serenita.pl\/index.php?rest_route=\/wp\/v2\/pages\/300\/revisions"}],"predecessor-version":[{"id":369,"href":"http:\/\/serenita.pl\/index.php?rest_route=\/wp\/v2\/pages\/300\/revisions\/369"}],"wp:attachment":[{"href":"http:\/\/serenita.pl\/index.php?rest_route=%2Fwp%2Fv2%2Fmedia&parent=300"}],"curies":[{"name":"wp","href":"https:\/\/api.w.org\/{rel}","templated":true}]}}