{"id":80,"date":"2018-03-17T17:52:06","date_gmt":"2018-03-17T16:52:06","guid":{"rendered":"http:\/\/serenita.pl\/?page_id=80"},"modified":"2024-07-08T12:49:23","modified_gmt":"2024-07-08T10:49:23","slug":"sympatycy","status":"publish","type":"page","link":"http:\/\/serenita.pl\/?page_id=80","title":{"rendered":"Sympatycy"},"content":{"rendered":"<p>Aby zosta\u0107 sympatykiem Stowarzyszenia Przyjaci\u00f3\u0142 \u015awi\u0119tej Joanny Beretty Molli, nale\u017cy napisa\u0107 do nas wiadomo\u015b\u0107 (w temacie: Chc\u0119 zosta\u0107 sympatykiem), podaj\u0105c imi\u0119 i nazwisko, parafi\u0119 oraz kr\u00f3tkie uzasadnienie swojej decyzji. Po zweryfikowaniu przez administratora dane pojawi\u0105 si\u0119 na stronie.<\/p>\n<p>Nasz e-mail: <a href=\"mailto:stowarzyszenie@serenita.pl\">stowarzyszenie@serenita.pl<\/a><\/p>\n<p>Zapoznaj si\u0119 z zak\u0142adk\u0105\u00a0<a href=\"http:\/\/serenita.pl\/?page_id=469\">Polityka prywatno\u015bci<\/a><\/p>\n<h3>Sympatycy \u00a0Stowarzyszenia<br \/>Przyjaci\u00f3\u0142 \u015awi\u0119tej Joanny Beretty Molli<\/h3>\n<p><strong>Ma\u0142gorzata Smalcerz<br \/><\/strong>Parafia \u015aw. Wojciecha\u00a0i \u015aw. Katarzyny w Jaworznie<\/p>\n<p><strong>Robert Skrzyd\u0142o<br \/><\/strong>Parafia Naj\u015bwi\u0119tszego Serca Pana Jezusa w Tychach<\/p>\n<p><strong> Maria &#8211; Aneta Sztaba<\/strong><br \/>Zgromadzenie Si\u00f3str Nazaretanek<\/p>\n<p><strong>Jerzy Urbanek<br \/><\/strong>Parafia Matki Bo\u017cej Cz\u0119stochowskiej w Lublinie<\/p>\n<p><strong>Gabriela Fojcik<br \/><\/strong>Parafia \u015aw. Paw\u0142a od Krzy\u017ca w Wi\u015ble<\/p>\n<p><strong>Sylwia Kaczmarczyk<br \/><\/strong>Parafia Niepokalanego Pocz\u0119cia Naj\u015bwi\u0119tszej Maryi Panny w Spytkowicach<\/p>\n<p><strong>Barbara Pykosz<br \/><\/strong>Parafia \u015aw. J\u00f3zefa Oblubie\u0144ca Krak\u00f3w &#8211; Nowa Huta<\/p>\n<p><strong>Magdalena Jackowska<br \/><\/strong>Parafia Opatrzno\u015bci Bo\u017cej w Warszawie Wilanowie<\/p>\n<p><strong>Lucja G\u0105sior<br \/><\/strong>Parafia \u015bw. Bart\u0142omieja Aposto\u0142a w Mogilanach<\/p>\n<p><strong>Maria Kwa\u015bniewska<br \/><\/strong>Parafia \u015bw. Marii Magdaleny w Rabce Zdroju<\/p>\n<p><strong>Zbigniew Kwa\u015bniewski<br \/><\/strong>Parafia \u015bw. Marii Magdaleny w Rabce Zdroju<\/p>\n<p><strong>Franciszek Mr\u00f3z<br \/><\/strong>Parafia Niepokalanego Pocz\u0119cia Naj\u015bwi\u0119tszej Maryi Panny w Krakowie<\/p>\n<p><strong> Gra\u017cyna Mr\u00f3z<br \/><\/strong>Zgromadzenie Si\u00f3str S\u0142u\u017cebniczek BDNP<\/p>\n<p><strong>Joanna \u015alipko<br \/><\/strong>Parafia \u015aw. Tadeusza Aposto\u0142a w Legnicy<\/p>\n<p><strong>Ma\u0142gorzata \u0141akomska<br \/><\/strong>Parafia Najczystszego Serca Maryi na Grochowie w Warszawie<\/p>\n<p><strong>Anna Fila<br \/><\/strong>Parafia \u015aw. Kazimierza w Rybnej<\/p>\n<p><strong>Agnieszka Garncarz &#8211; Stala<br \/><\/strong>Parafia \u015aw. Ap. Piotra i Paw\u0142a w Myszkowie<\/p>\n<p><strong>Aneta Antonik Faikis<\/strong><br \/>Parafia \u015bwi\u0119tego J\u00f3zefa w Rybniku<\/p>\n<p><strong>Ewa Ceglarek<\/strong><br \/>Parafia Narodzenia Pa\u0144skiego w Paj\u0119cznie<\/p>\n<p><strong>Sabina Kosmala<br \/><\/strong>Parafia \u015awi\u0119tej Rodziny w Piekarach \u015al\u0105skich<\/p>\n<p><strong>Maria Szczerba<\/strong><br \/>Parafia \u015bw. Piotra i Paw\u0142a w Pniewie<\/p>\n<p><strong>Magdalena Le\u015bniowska &#8211; Pabian<\/strong> <br \/>Parafia pw. \u015aw. Katarzyny Aleksandryjskiej w Nowym Targu<\/p>\n<p><strong>Bart\u0142omiej Pabian<\/strong> <br \/>Parafia pw. \u015aw. Katarzyny Aleksandryjskiej w Nowym Targu<\/p>\n<p><strong>Ma\u0142gorzata Loza\u00a0 <br \/><\/strong>Parafii O\u015brodka Duszpasterskiego Chrystusa Najwy\u017cszego Kap\u0142ana w Kobia\u0142ce (na terenie Warszawy).\u00a0<\/p>\n<p><strong>Ks. Stefan Radziszewski Parafia<\/strong> <br \/>Przemienienia Pa\u0144skiego w Kielcach -Bia\u0142ogon<\/p>\n<p><strong>Agnieszka \u015awi\u0107<\/strong> <br \/>Parafia \u015aw. Rocha w Lipkowie<\/p>\n<p><strong>Irena Ignaczak<\/strong><br \/>Parafia Wniebowzi\u0119cia Naj\u015bwi\u0119tszej Maryi Panny w Zag\u00f3rzu<\/p>\n<p><strong>Edyta Jesiotr<\/strong> <br \/>Parafia \u015aw. Karola Boromeusza w Warszawie<\/p>\n<p><strong>Aleksandra Go\u015bci\u0144ska<\/strong><br \/>Parafia \u015bw. Jakuba Starszego w K\u0142odawie Gda\u0144skiej<\/p>\n<p><strong>Marta Kunikowska<\/strong> <br \/>Parafia \u015aw. Jakuba w G\u0142ownie<\/p>\n<p><strong>Irmina Wasilew<\/strong> <br \/>Parafia pw. \u015aw. Wawrzy\u0144ca w Rogotw\u00f3rsku<\/p>\n<p><strong>Weronika Krzeszewska<\/strong> <br \/>Parafii pw. B\u0142. Micha\u0142a Kozala Biskupa i M\u0119czennika w Bydgoszczy<\/p>\n<p><strong>Beata Michalak<\/strong> <br \/>Parafii Niepokalanego Pocz\u0119cia Naj\u015bwi\u0119tszej Maryi Panny w \u015awieciu\u00a0<\/p>\n<p>\u00a0<\/p>\n<p><strong>Oczekujemy na kolejnych&#8230;<br \/><\/strong>Osoby, kt\u00f3re dotychczas by\u0142y sympatykami i zdecydowa\u0142y si\u0119 z\u0142o\u017cy\u0107 deklaracj\u0119 cz\u0142onkowsk\u0105 oraz zosta\u0142y przyj\u0119te do Stowarzyszenia widniej\u0105 w zak\u0142adce &#8222;O nas&#8221; &#8211; Inni cz\u0142onkowie Stowarzyszenia.<\/p>\n\n\n<p><\/p>\n","protected":false},"excerpt":{"rendered":"<p>Aby zosta\u0107 sympatykiem Stowarzyszenia Przyjaci\u00f3\u0142 \u015awi\u0119tej Joanny Beretty Molli, nale\u017cy napisa\u0107 do nas wiadomo\u015b\u0107 (w temacie: Chc\u0119 zosta\u0107 sympatykiem), podaj\u0105c imi\u0119 i nazwisko, parafi\u0119 oraz kr\u00f3tkie uzasadnienie swojej decyzji. Po zweryfikowaniu przez administratora dane pojawi\u0105 si\u0119 na stronie. Nasz e-mail: stowarzyszenie@serenita.pl Zapoznaj si\u0119 z zak\u0142adk\u0105\u00a0Polityka prywatno\u015bci Sympatycy \u00a0StowarzyszeniaPrzyjaci\u00f3\u0142 \u015awi\u0119tej Joanny Beretty Molli Ma\u0142gorzata SmalcerzParafia \u015aw. Wojciecha\u00a0i \u015aw. Katarzyny w Jaworznie Robert Skrzyd\u0142oParafia Naj\u015bwi\u0119tszego Serca Pana Jezusa w Tychach Maria &#8211; Aneta SztabaZgromadzenie Si\u00f3str Nazaretanek Jerzy UrbanekParafia Matki Bo\u017cej Cz\u0119stochowskiej w&#8230;<\/p>\n<p class=\"read-more\"><a class=\"btn btn-default\" href=\"http:\/\/serenita.pl\/?page_id=80\"> Read More<span class=\"screen-reader-text\">  Read More<\/span><\/a><\/p>\n","protected":false},"author":2,"featured_media":0,"parent":0,"menu_order":0,"comment_status":"closed","ping_status":"closed","template":"","meta":[],"_links":{"self":[{"href":"http:\/\/serenita.pl\/index.php?rest_route=\/wp\/v2\/pages\/80"}],"collection":[{"href":"http:\/\/serenita.pl\/index.php?rest_route=\/wp\/v2\/pages"}],"about":[{"href":"http:\/\/serenita.pl\/index.php?rest_route=\/wp\/v2\/types\/page"}],"author":[{"embeddable":true,"href":"http:\/\/serenita.pl\/index.php?rest_route=\/wp\/v2\/users\/2"}],"replies":[{"embeddable":true,"href":"http:\/\/serenita.pl\/index.php?rest_route=%2Fwp%2Fv2%2Fcomments&post=80"}],"version-history":[{"count":38,"href":"http:\/\/serenita.pl\/index.php?rest_route=\/wp\/v2\/pages\/80\/revisions"}],"predecessor-version":[{"id":1154,"href":"http:\/\/serenita.pl\/index.php?rest_route=\/wp\/v2\/pages\/80\/revisions\/1154"}],"wp:attachment":[{"href":"http:\/\/serenita.pl\/index.php?rest_route=%2Fwp%2Fv2%2Fmedia&parent=80"}],"curies":[{"name":"wp","href":"https:\/\/api.w.org\/{rel}","templated":true}]}}